e
Let u = 6 - 2. Suppose -1 = -s - 2*r + u, -r + 13 = 4*s. Is -4 + (s - 2) + 56 composite?
False
Is 832 + 5 + 4/1 prime?
False
Suppose -4*h - 145 = -441. Suppose -2*z + h = w + z, 0 = -2*w - z + 153. Is w a composite number?
True
Let m(c) = -10*c**3 + 2*c + 3. Let u = 3 + 2. Suppose 2*j = -3*j - u*s + 10, 0 = 2*j + 3*s - 8. Is m(j) composite?
False
Let p = 429 + -302. Is p prime?
True
Let u(z) = z**2 + 6*z + 5. Let c be u(-6). Suppose 0*p - 1 = p, -c*w + 93 = 2*p. Is w composite?
False
Let n = -37 + -24. Let q = 112 + n. Is q prime?
False
Let g = 139 - 85. Is (-2282)/(-18) - (-12)/g a composite number?
False
Suppose n - 13 + 5 = -y, -y = -3*n. Let i be (30/18)/(2/y). Suppose 0 = i*p + 4*h - 85, 5*p - 125 = 3*h + h. Is p prime?
False
Let v(c) = -3*c**3 + 31*c + 15. Is v(-10) composite?
True
Let o = -197 + 748. Is o composite?
True
Let b = 22 - 13. Let k be 475/b + (-2)/(-9). Suppose 0*w = w - k. Is w a prime number?
True
Let r(v) = 2*v**2 + 9*v - 8 - 1 - 3*v**2. Let j be r(7). Is 265/j + 0 + 0 a prime number?
True
Suppose 0 = -6*b + 4*b + 3762. Suppose 3*f - b = -5*z + 4*f, 3*f = z - 365. Is z a prime number?
False
Let t(u) = -71*u - 29. Is t(-6) prime?
True
Let o(m) = m + 110. Let f be o(0). Let i(s) = 66 + 13 - 4 + f + s. Is i(0) a composite number?
True
Let q = 295 + -19. Suppose 5*c - q = 69. Is c composite?
True
Suppose -7*k + 5*k = -298. Is k a prime number?
True
Suppose 4*v + 4*b = -0*v - 28, -3*b = -5*v - 51. Let k = -7 - v. Suppose 74 = -w + 3*w + k*o, -39 = -w - 2*o. Is w a composite number?
True
Let i(r) = 2*r**2 - r. Let g be 210/49 - 2/7. Let v = 2 - g. Is i(v) a prime number?
False
Let s(b) = -b + 1. Let v(d) = 1. Let y(j) = -3*s(j) + 2*v(j). Let i be y(1). Suppose -5*l + 375 = i*x, 0*l - 390 = -5*l + x. Is l a prime number?
False
Let f(g) = 11*g**3 + g**2 + 2*g + 3. Is f(4) a composite number?
True
Let t(q) = -q - 7. Let h be t(0). Let l be -2 - (-1 - -2)*h. Suppose 83 = 2*b - l*i, 4 = -2*i - 2. Is b a composite number?
True
Suppose 2*s = -3*s - 10. Let t = 4 + s. Is t composite?
False
Let v = -16 - -21. Suppose -5*j + 4*a + 260 = -843, 3*j + v*a = 684. Is j a prime number?
True
Let n(m) be the third derivative of m**4/12 - 2*m**3/3 - 16*m**2. Suppose -2*p = 4*f - 22, 3 = 2*f - 3. Is n(p) a composite number?
True
Let v(r) be the first derivative of -r**2/2 + r + 1. Let k be v(-3). Suppose -k*s + 117 = -s. Is s a composite number?
True
Suppose y - 5*y + 92 = 0. Suppose -2*f + 5*r - y = 0, 4*f - 3*r = -5*r + 14. Is (223 + (3 - 3))*f prime?
True
Suppose 6 = 5*m + 21. Let c = 5 + m. Suppose -2*s - n - c*n + 321 = 0, 0 = -2*s - n + 319. Is s a prime number?
False
Suppose 3*h + 1228 = 7*h. Is h a composite number?
False
Suppose 3*f + 28 = 7*f. Suppose -2*l - 70 = -f*l. Is l composite?
True
Let k = 29 + -10. Is k composite?
False
Let b = 15 - 10. Suppose -b*x + 996 + 59 = 0. Is x a composite number?
False
Is 934/10 + (-18)/(-30) composite?
True
Suppose 4*u + 13 - 1 = 0. Let m(z) = -z**3 + 6*z**2 - 5*z + 2. Let w be m(5). Is w/u - 380/(-12) a composite number?
False
Let f(o) = 12*o. Let p be f(2). Is (-8)/p + 1256/6 prime?
False
Is (4/(-30)*-3)/(3/2955) composite?
True
Let u = -6 - -5. Let a be u/((-3)/(14 - 2)). Suppose 0*i - 156 = -a*i. Is i a composite number?
True
Let n(z) be the second derivative of 27*z**5/20 - z**4/6 + z**3/6 + z**2/2 + 7*z. Is n(2) a composite number?
False
Suppose -1307 - 908 = -5*t. Is t a prime number?
True
Let a be 6 - 5 - (-256 + 0). Let v = 480 - a. Is v composite?
False
Let g be 1/(-2)*(-2 - 116). Suppose -4*v + 703 = g. Is v prime?
False
Let j(z) = -3*z**3 - z**2 - 6*z - 29. Is j(-7) prime?
False
Let g be (-6)/(-15) + 44/(-10). Let w = 6 + g. Suppose -w*r + 16 = -10. Is r a prime number?
True
Let l(q) = 33*q + 3. Is l(2) prime?
False
Suppose -44 = 5*d - 149. Let s = d + 73. Is s a prime number?
False
Let b = 1667 - 688. Is b a prime number?
False
Let l = -4 - -4. Suppose 2*o - 64 + 18 = l. Is o a prime number?
True
Let g(n) = n**3 - 5*n**2 + n - 5. Suppose -3*a + 2 = -1. Let l(z) = 6*z. Let x be l(a). Is g(x) composite?
False
Let s(h) = 18*h + 3. Let o(k) = k**3 - k**2 + k - 1. Let x be o(2). Let b be s(x). Suppose -5*m = -512 - b. Is m a prime number?
False
Let p be 1 - (385 - (-2)/(-2)). Is p/(-5) - 4/(-10) a prime number?
False
Let t(d) = -35*d + 20. Is t(-7) a prime number?
False
Let l(u) = u**2 + 2*u + 203. Is l(0) composite?
True
Suppose -3*c + 0*c + 9 = 0. Is (c - 3 - 1)*-115 a composite number?
True
Suppose 3*o - 13 = -2*c, c + 5*o - 12 = 5. Let p be (-2)/c - (-122)/2. Let g = -41 + p. Is g a prime number?
True
Let t = 26 + -18. Suppose -2*k + 0*z - 88 = -5*z, -k - 33 = 3*z. Let n = t - k. Is n a composite number?
False
Let a(d) = 2*d**3 - d + 1. Is a(2) composite?
True
Suppose -3*o + 1739 = x - 3*x, -2*o = x - 1164. Is o a composite number?
True
Let d = 23 + -41. Let r = 4 - d. Is r a composite number?
True
Let u be 0 - (1 + (-5 - -3)). Let p be 5*(2 + 24/(-10)). Is p/(u*2/(-4)) a composite number?
True
Let t be -1 + (-64)/((-2)/1). Suppose t = 5*x + 4*y - 0*y, -2*x + 2*y - 2 = 0. Suppose -2*b - 37 = -x*b. Is b a prime number?
True
Let g(v) = 6*v + 2 + 5*v**2 - 6*v. Let l be g(-2). Let s = l + 105. Is s a composite number?
False
Let l(a) = -2*a**3 + 13*a**2 - 13*a + 15. Let h(i) = i**3 - 6*i**2 + 6*i - 7. Let u(d) = -13*h(d) - 6*l(d). Let z be u(-2). Is 136/6 - 6/z a composite number?
True
Let z = 63 + 160. Is z a composite number?
False
Let v(i) = i**3 - i**2 + 10. Let d(t) = -t**3 + 2*t**2 - t. Let h be d(1). Is v(h) prime?
False
Let i(g) = -5 - 40*g - 40*g + 4. Let o be i(3). Let m = 492 + o. Is m a prime number?
True
Suppose -z + 5 - 1 = 0. Is 1816/32 + 1/z a composite number?
True
Suppose -3*u + 4*c + 1191 = 0, c + 523 = 2*u - 271. Is u a prime number?
True
Let u = 4 - -1. Let t = u + 50. Is t a prime number?
False
Let r(f) = 30*f - 1. Is r(11) prime?
False
Suppose 0 = 4*t - 0*t - 988. Is t composite?
True
Is (1/2)/((-1)/(-1282)) prime?
True
Is ((-40521)/26)/(3/(-2)) prime?
True
Suppose 5*s - 84 = 3*u - 2153, 1642 = -4*s - 2*u. Let t = 783 + s. Is t a composite number?
True
Suppose -2*a + 4*o + 220 = -142, 3*a + o = 536. Is a a prime number?
True
Suppose -8 + 3 = -5*d. Let n(u) = 798*u**3 - u**2 + u - 1. Is n(d) a composite number?
False
Suppose g + 0*g - 5*l = 46, -4*g = 4*l - 112. Is g prime?
True
Suppose 128 = p - g, 2*p - 265 = -0*g - g. Is p a prime number?
True
Let i(h) = 2*h - 7. Is i(5) a prime number?
True
Let n be ((-2)/(-3))/((-4)/(-12)). Let p be (-354)/(-10) + (-2)/5. Let g = p + n. Is g prime?
True
Let k(c) = 3*c - 40. Let v(w) = -2*w + 27. Let u(b) = -5*k(b) - 7*v(b). Let f be u(8). Is ((-127)/f)/((-4)/12) prime?
True
Suppose 0 = 2*s + 6*c - 2*c - 386, 4 = 4*c. Is s composite?
False
Suppose -5*h + 605 - 1925 = 0. Let w = -170 - h. Is w composite?
True
Let j(u) = 92*u + 3. Is j(8) prime?
True
Let m(g) be the third derivative of -4*g**6/45 - g**5/120 + g**4/24 - 2*g**2. Let s(q) be the second derivative of m(q). Is s(-3) prime?
True
Let c(z) = 2*z**2 + z + 1. Let h be c(-1). Let r(y) = -44*y - 1. Let w(v) = 44*v + 1. Let d(l) = -7*r(l) - 6*w(l). Is d(h) composite?
False
Suppose 6 = 4*k + 2. Let u be k/(-2)*(-12)/1. Suppose -q + c = -u, q + 3*c = c + 21. Is q prime?
True
Let j(t) = t**2 + t - 2. Let o be j(-3). Suppose -b + 144 = o*u, -4*u - 19 = 3*b - 171. Is u a prime number?
False
Suppose 2*g + 247 = 7*g - 4*v, 0 = 3*g + 4*v - 161. Is g composite?
True
Is 3824/24 + (-1)/3 a prime number?
False
Suppose 0 - 6 = -3*g. Let q be g/(-2) - 27*1. Let t = 42 + q. Is t a prime number?
False
Let b = -7 + 9. Suppose b*l - 18 = -l. Is -7 + l - (-1 - 159) composite?
True
Suppose -3*x = -0*x + 5*c - 222, -3*x + 240 = -c. Is x a prime number?
True
Let p = 188 - 97. Suppose -4*a - p = -3*r, -r + 3*a - 52 = -2*r. Is r composite?
False
Let j be (-3)/(-1 + -2)*217. Suppose -j = -5*m + 103. Let l = 123 - m. Is l a prime number?
True
Let j(g) = -g - 1. Let p be j(-4). Let b(q) = q**3 - 2*q**2 - q + 2. Let y be b(4). Suppose 2*n - p*h - 12 = -h, y = 5*n + h. Is n a composite number?
True
Suppose -5*i - 5 - 5 = 0. Let g(a) = -13*a**3 - a**2 + 4*a + 5. Is g(i) prime?
True
Let h = -130 - -92. Let o = h + 69. Is o composite?
False
Let y be ((-54)/24)/((-2)/(-40)). Let n = 94 + y. Is n prime?
False
